{"id":15,"date":"2023-12-11T14:00:10","date_gmt":"2023-12-11T14:00:10","guid":{"rendered":"https:\/\/louiesatelier.pl\/blog\/?page_id=15"},"modified":"2023-12-11T14:00:10","modified_gmt":"2023-12-11T14:00:10","slug":"strona-glowna","status":"publish","type":"page","link":"https:\/\/louiesatelier.pl\/blog\/","title":{"rendered":"Strona g\u0142\u00f3wna"},"content":{"rendered":"\n<p>Witamy na stronie! To jest strona g\u0142\u00f3wna, kt\u00f3r\u0105 zobaczy wi\u0119kszo\u015b\u0107 odwiedzaj\u0105cych, kiedy b\u0119dzie odwiedza\u0107 twoj\u0105 witryn\u0119 po raz pierwszy.<\/p>\n","protected":false},"excerpt":{"rendered":"<p>Witamy na stronie! To jest strona g\u0142\u00f3wna, kt\u00f3r\u0105 zobaczy wi\u0119kszo\u015b\u0107 odwiedzaj\u0105cych, kiedy b\u0119dzie odwiedza\u0107 twoj\u0105 witryn\u0119 po raz pierwszy.<\/p>\n","protected":false},"author":1,"featured_media":0,"parent":0,"menu_order":0,"comment_status":"closed","ping_status":"closed","template":"","meta":{"footnotes":""},"class_list":["post-15","page","type-page","status-publish","hentry"],"_links":{"self":[{"href":"https:\/\/louiesatelier.pl\/blog\/wp-json\/wp\/v2\/pages\/15"}],"collection":[{"href":"https:\/\/louiesatelier.pl\/blog\/wp-json\/wp\/v2\/pages"}],"about":[{"href":"https:\/\/louiesatelier.pl\/blog\/wp-json\/wp\/v2\/types\/page"}],"author":[{"embeddable":true,"href":"https:\/\/louiesatelier.pl\/blog\/wp-json\/wp\/v2\/users\/1"}],"replies":[{"embeddable":true,"href":"https:\/\/louiesatelier.pl\/blog\/wp-json\/wp\/v2\/comments?post=15"}],"version-history":[{"count":1,"href":"https:\/\/louiesatelier.pl\/blog\/wp-json\/wp\/v2\/pages\/15\/revisions"}],"predecessor-version":[{"id":22,"href":"https:\/\/louiesatelier.pl\/blog\/wp-json\/wp\/v2\/pages\/15\/revisions\/22"}],"wp:attachment":[{"href":"https:\/\/louiesatelier.pl\/blog\/wp-json\/wp\/v2\/media?parent=15"}],"curies":[{"name":"wp","href":"https:\/\/api.w.org\/{rel}","templated":true}]}}